2
Convert -27437023 (base 8) to base 16.
-5e3e13
Convert 1367d (base 16) to base 9.
131026
Convert 183069 (base 10) to base 6.
3531313
What is 10843707 (base 9) in base 10?
5284366
Convert 5a95a (base 11) to base 5.
10301134
What is -11003530 (base 6) in base 13?
-b6067
What is a8878 (base 12) in base 15?
45d88
Convert -11031010311 (base 4) to base 5.
-322124102
What is -1251122 (base 6) in base 15?
-1566e
Convert -6222556 (base 8) to base 14.
-30c810
What is 168062 (base 11) in base 12?
1062a5
Convert 2385139 (base 10) to base 12.
970357
-a082877 (base 11) to base 2
-1000100000010100110100100
What is 10133200100 (base 4) in base 9?
2184342
18739b (base 13) to base 11
390724
Convert 221320323003 (base 4) to base 9.
22586156
-112020002010200 (base 3) to base 16
-735a95
Convert -9691b1 (base 12) to base 3.
-11110220101021
Convert a61b5 (base 13) to base 7.
2354016
What is -28c5d (base 16) in base 2?
-101000110001011101
1150314 (base 6) to base 13
21a18
What is -147acc (base 15) in base 6?
-33101450
Convert 2724825 (base 9) to base 8.
5543706
Convert 60561d (base 14) to base 11.
1914732
What is 105564562 (base 8) in base 5?
14134410040
What is f210e (base 16) in base 3?
1212101002022
Convert 1300d3 (base 15) to base 12.
37b560
-120b04 (base 14) to base 10
-616816
-61225 (base 13) to base 8
-523554
Convert -190581 (base 10) to base 2.
-101110100001110101
What is 67482 (base 9) in base 2?
1010111101000011
What is 1cecb3 (base 15) in base 5?
330320433
Convert -130204421 (base 5) to base 16.
-9a435
-9a1 (base 16) to base 14
-c81
What is 1417202 (base 8) in base 2?
1100001111010000010
1235515 (base 6) to base 3
10102102002
What is 232200005 (base 6) in base 5?
2100323114
Convert 1430444234 (base 5) to base 14.
700413
What is 31252 (base 9) in base 14?
772d
Convert -10135520 (base 6) to base 16.
-47808
What is 7b926 (base 16) in base 9?
851268
Convert 253111334 (base 6) to base 16.
4ae50a
What is -541b1 (base 13) in base 9?
-251334
What is -135813 (base 16) in base 10?
-1267731
755a (base 11) to base 13
4713
Convert 1dbdad2 (base 14) to base 7.
241225152
-11212120202 (base 3) to base 11
-66084
1aa80 (base 12) to base 6
503040
What is 10506652 (base 9) in base 15?
6a619b
Convert -a71066 (base 12) to base 8.
-12033016
Convert -1ca645 (base 16) to base 5.
-440040243
112200201120 (base 4) to base 12
1b866a0
Convert 101101111111000011000 (base 2) to base 9.
2745886
-3204123 (base 6) to base 11
-a7594
What is 264123 (base 7) in base 16?
c132
Convert -11512506 (base 7) to base 3.
-1221020221000
12a169c (base 16) to base 4
1022201122130
Convert -1104255 (base 7) to base 14.
-3779c
160d8 (base 14) to base 8
153436
What is -3775278 (base 9) in base 11?
-1185899
What is -1121020221120 (base 3) in base 14?
-182409
Convert -10044214324 (base 5) to base 12.
-34948a1
1431353 (base 8) to base 10
406251
What is 1b48a0a (base 12) in base 7?
100323610
10d8c1 (base 16) to base 11
694556
Convert -5165 (base 10) to base 3.
-21002022
What is -12a261 (base 11) in base 7?
-1506420
Convert -104566 (base 9) to base 2.
-1111001111011110
-1c34a25 (base 13) to base 10
-9378517
What is 101101010110110010101 (base 2) in base 5?
340024404
1021445 (base 12) to base 13
8210b7
What is 1d8ac (base 15) in base 14?
27222
Convert 13394 (base 13) to base 7.
206213
Convert -376328 (base 13) to base 8.
-5040651
What is 389ba (base 12) in base 14?
20338
What is 114108 (base 9) in base 15?
154e5
Convert 21212200220100 (base 3) to base 11.
23aa488
Convert 396630 (base 10) to base 7.
3241233
-101110010111100000 (base 2) to base 4
-232113200
Convert 19db36 (base 14) to base 10.
921444
20316440 (base 7) to base 6
100252302
What is -6032240 (base 8) in base 5?
-401230321
What is -135231122 (base 7) in base 12?
-2b76198
What is 116b0b1 (base 13) in base 6?
311335111
What is 10444252 (base 7) in base 10?
901882
What is 2496305 (base 14) in base 3?
1020001210212010
Convert 16614054 (base 7) to base 12.
6697a3
Convert 21a2236 (base 13) to base 8.
47263042
What is 6b176 (base 15) in base 9?
570043
What is -21020021201 (base 3) in base 7?
-1132024
What is 233401345 (base 6) in base 13?
ba0398
20101002011102 (base 3) to base 4
30322322231
283007 (base 12) to base 11
417489
What is -10202221012 (base 3) in base 10?
-74309
Convert -122112011012120 (base 3) to base 5.
-4341010000
Convert -2103440102 (base 5) to base 8.
-20501171
3310124 (base 5) to base 10
56914
Convert -415434 (base 10) to base 15.
-83159
What is -13300221001 (base 4) in base 9?
-3740407
Convert 12212202112022 (base 3) to base 13.
855455
-462743 (base 8) to base 15
-31870
What is -32055666 (base 8) in base 7?
-112063265
-240aa2 (base 16) to base 13
-649159
Convert -5145301 (base 6) to base 9.
-416361
-58441 (base 13) to base 5
-20123420
What is -11101101001100 (base 2) in base 4?
-3231030
Convert 95cb83 (base 14) to base 2.
10011010101001110101111
What is 30053 (base 12) in base 14?
1899d
243666 (base 7) to base 3
2021011110
Convert -20352412 (base 8) to base 9.
-8105183
What is 30180108 (base 9) in base 14?
1cc5c33
1111001001010100 (base 2) to base 5
3441121
-11110202021 (base 3) to base 16
-157db
Convert -37400 (base 8) to base 10.
-16128
What is 2253325 (base 7) in base 12?
117314
Convert 252440 (base 16) to base 6.
124101012
Convert 7667b (base 12) to base 16.
2633f
What is 330000211 (base 4) in base 6?
5133541
-25235 (base 14) to base 7
-526165
331452 (base 7) to base 6
1125240
What is 110121201021221 (base 3) in base 15?
8c70aa
What is 3232331140 (base 5) in base 3?
111000110021000
Convert b672a4 (base 12) to base 11.
1693377
2250345 (base 6) to base 11
79843
What is 181075 (base 10) in base 9?
305344
Convert 12340323343 (base 5) to base 6.
1301031112
What is 5520 (base 16) in base 6?
244520
-13223212 (base 7) to base 12
-4a788a
Convert 1168d8 (base 14) to base 11.
3766a0
What is -211232033 (base 5) in base 8?
-3275301
What is -c897a9 (base 15) in base 8?
-44333451
What is -2122022300 (base 4) in base 7?
-5240012
Convert 2144b3 (base 12) to base 3.
222201120100
Convert -1718738 (base 14) to base 7.
-165345101
21110120 (base 3) to base 9
7416
Convert 108a3 (base 14) to base 2.
1001110010111111
Convert 5d8c4 (base 14) to base 5.
24320432
What is -2210112200121 (base 3) in base 10?
-1486933
Convert 129750 (base 12) to base 10.
306924
192071b (base 13) to base 6
452154531
-122020212022 (base 3) to base 13
-bb772
33410122 (base 5) to base 2
1000111111000001100
3200325 (base 9) to base 4
12202020233
Convert -c18f (base 16) to base 7.
-264315
What is 263505 (base 12) in base 9?
1156385
-123235 (base 8) to base 5
-2331103
Convert -233411 (base 8) to base 12.
-3a0b5
What is -373464 (base 8) in base 12?
-62670
What is -182a903 (base 11) in base 15?
-414903
-43032220 (base 5) to base 8
-1302130
What is -51525 (base 11) in base 12?
-37600
What is a310c (base 14) in base 9?
657482
Convert 32010122 (base 4) to base 16.
e11a
-359004 (base 12) to base 10
-865732
Convert -1011111011010010111 (base 2) to base 11.
-24768a
-2212002201010 (base 3) to base 16
-1727fd
What is 120032131 (base 4) in base 3?
12001010011
Convert -2516024 (base 8) to base 5.
-134222231
-e3021a (base 16) to base 15
-148d0e0
-1123120030 (base 4) to base 6
-12004444
Convert -31514 (base 7) to base 4.
-1321322
8cdc05 (base 14) to base 2
10010010100010001001101
-1404322220 (base 5) to base 12
-1251004
What is -2578a1 (base 11) in base 9?
-677461
1686343 (base 11) to base 6
141212235
What is -652435 (base 9) in base 3?
-201202111012
Convert 1222221003 (base 4) to base 14.
b5283
3338951 (base 11) to base 12
1b63580
3632 (base 10) to base 12
2128
-141622 (base 8) to base 4
-30032102
What is -142540510 (base 6) in base 14?
-566442
What is -23043142 (base 7) in base 10?
-2010745
Convert -7a745 (base 16) to base 6.
-14430033
Convert 17327 (base 10) to base 5.
1023302
Convert 55630046 (base 7) to base 14.
8d455d
Convert 23202120002 (base 4) to base 13.
81b7a1
Convert 1a8440a (base 13) to base 14.
1246c29
-5239 (base 11) to base 9
-10460
-1222133141 (base 5) to base 9
-5451441
What is 2506013 (base 7) in base 16?
4e779
Convert 1b5d8 (base 15) to base 6.
1524222
Convert 167365 (base 10) to base 9.
274521
-118586 (base 9) to base 13
-26979
What is 303413 (base 7) in base 4?
30213020
What is 